e c(-21).
-14
Let m(p) = -p**2 + 8821*p + 123694. Calculate m(-14).
4
Let x(n) = 293*n + 90. Determine x(0).
90
Let o(w) = -207*w**2 + 103*w + 340. Give o(-3).
-1832
Let y(f) = f**3 - 416*f**2 + 6369*f + 12399. What is y(400)?
-1
Let g(w) = -415*w + 39688. Determine g(98).
-982
Let f(z) = 1105285*z + 11052851. What is f(-10)?
1
Let m(f) = -32*f**2 + 335*f - 646. Calculate m(6).
212
Let x(c) = -27*c**3 + 272*c**2 + 393*c - 4122. Determine x(10).
8
Let t(u) = -u**3 + 5*u**2 - 4*u + 712. Calculate t(11).
-58
Let r(j) = j**3 - 6*j**2 - 1362*j - 2298. Calculate r(-33).
177
Let a(l) = -1189*l + 76160. Give a(64).
64
Let y(d) = 2*d**2 - 240*d - 2347. Calculate y(129).
-25
Let c(x) = -6*x**3 + 16*x**2 - 1560*x + 1544. Give c(1).
-6
Let o(f) = 5*f**2 - 2304*f - 9203. Give o(-4).
93
Let m(x) = 5*x**2 + 1104*x + 16379. Determine m(-16).
-5
Let c(a) = 58*a**2 - 6696*a - 13398. Determine c(-2).
226
Let l(r) = 6*r**2 + 236*r - 314. Determine l(-45).
1216
Let j(g) = 1508*g - 64934. Calculate j(43).
-90
Let i(y) = 4*y**3 - 286*y**2 - 5576*y + 260. Determine i(-16).
-124
Let u(n) = -n**3 - 963*n**2 + 40123*n - 100. Calculate u(40).
20
Let h(j) = -j**3 - 24*j**2 - 7*j + 62. What is h(-23)?
-306
Let y(l) = -184*l + 9180. Determine y(49).
164
Let y(c) = 5074*c - 15227. What is y(3)?
-5
Let m(x) = x**3 + 139*x**2 + 343*x + 10517. What is m(-137)?
1064
Let w(p) = p**3 - 10*p**2 + 741*p - 6487. What is w(9)?
101
Let r(m) = 22781*m + 388796. Give r(-17).
1519
Let i(u) = u**3 - 145*u**2 + 2547*u - 417627. Give i(147).
0
Let p(z) = 4*z**3 + 785*z**2 + 128*z - 13311. Give p(-196).
17
Let a(r) = -5732*r + 11389. What is a(2)?
-75
Let j(h) = 123017*h - 2214309. Calculate j(18).
-3
Let x(w) = -373*w**2 - 7563*w - 19331. What is x(-3)?
1
Let j(v) = 901*v - 11666. Calculate j(13).
47
Let g(w) = -62*w + 4424. Determine g(84).
-784
Let g(q) = -q**3 + 141*q**2 + 279*q + 21422. Give g(144).
-610
Let f(q) = 7*q**3 + 107*q**2 - 77*q + 108. Give f(-16).
60
Let i(q) = 11*q**2 + 685*q - 7950. Determine i(10).
0
Let f(t) = -45787*t - 1648327. Calculate f(-36).
5
Let x(p) = 37*p**2 + 1963*p. Give x(-53).
-106
Let w(k) = 774*k + 2615. Give w(-4).
-481
Let u(n) = 3*n**2 + 356*n + 2758. Give u(-8).
102
Let o(p) = -299*p - 2419. What is o(-13)?
1468
Let b(f) = f**3 + 10*f**2 - 198*f + 10. Calculate b(-20).
-30
Let r(s) = 5*s**3 - 21*s**2 - 9702*s + 11. What is r(-42)?
11
Let a(w) = 128*w - 4831. Calculate a(39).
161
Let g(w) = -373*w - 20841. Determine g(-57).
420
Let t(q) = -q**2 + 3907*q - 716912. Give t(193).
-110
Let u(a) = -40*a**2 + 214*a - 28. Determine u(6).
-184
Let a(s) = 22*s**2 - 9009*s + 3203. Give a(409).
-1296
Let i(q) = 165755*q + 1325924. Calculate i(-8).
-116
Let j(b) = b**3 - 196*b**2 + 1680*b - 10. Calculate j(9).
-37
Let z(q) = -q**3 + 14*q**2 + 45022*q - 405573. Give z(9).
30
Let j(m) = 21306*m - 63945. Determine j(3).
-27
Let b(c) = 1446*c**2 + 198118*c + 2180. Calculate b(-137).
-12
Let c(m) = 4*m**3 - 50*m**2 - 79*m + 62. Calculate c(13).
-627
Let j(q) = 8790*q - 123081. Calculate j(14).
-21
Let n(d) = -26*d**3 - 21*d**2 - 23*d - 42. Give n(-2).
128
Let q(j) = 22*j**3 + 417*j**2 - 14*j - 22. What is q(-19)?
-117
Let d(u) = -827*u**2 - 213366*u + 2. Give d(-258).
2
Let b(p) = -36*p**2 + 51*p - 41. What is b(2)?
-83
Let g(m) = -563*m - 18900. What is g(-33)?
-321
Let h(b) = b**3 - 136*b**2 + 277*b - 1242. Give h(134).
-36
Let t(l) = -12*l**2 - 8545*l + 239494. What is t(27)?
31
Let n(o) = o**2 + 296*o - 5375. Give n(17).
-54
Let i(u) = -22*u**2 + 103*u + 10201. Give i(24).
1
Let l(r) = r**3 + 53*r**2 + 194*r - 114. Give l(-49).
-16
Let w(v) = 41*v**2 + 1119*v - 8931. Give w(8).
2645
Let z(w) = -353*w - 37403. Determine z(-106).
15
Let a(c) = -2*c**2 + 74807*c + 1197420. Calculate a(-16).
-4
Let a(f) = -200466*f + 1804409. What is a(9)?
215
Let i(o) = -6*o**2 + 4012*o - 76521. Determine i(649).
61
Let q(p) = p**2 - 6959*p + 4252928. Give q(677).
14
Let p(r) = r**3 - 18*r**2 + 17*r - 534. Give p(19).
150
Let j(t) = -4*t**2 + 219*t - 239. What is j(24)?
2713
Let v(c) = 120*c + 1177. Give v(-4).
697
Let n(w) = -2*w**3 - 106*w**2 - 428*w - 1505. What is n(-49)?
259
Let v(u) = -1635*u + 69235. What is v(42)?
565
Let o(i) = 2542*i**2 + 17856*i - 11. Calculate o(-7).
-445
Let u(d) = d**3 + 66*d**2 + 417*d + 262. What is u(-59)?
26
Let b(u) = 1657*u + 223743. Give b(-135).
48
Let j(d) = -d**3 + 15*d**2 + 261*d - 3295. What is j(15)?
620
Let w(i) = -2*i**3 - 11*i**2 - 70*i - 286. Determine w(-4).
-54
Let j(x) = -15*x**2 - 37*x - 114. Determine j(5).
-674
Let x(h) = 21711*h + 477634. Calculate x(-22).
-8
Let y(k) = -720*k + 126. Calculate y(1).
-594
Let z(p) = p**3 - 5*p**2 - 48*p + 188. Determine z(8).
-4
Let l(w) = 212*w**2 + 2688*w - 7440. Calculate l(-15).
-60
Let h(c) = -275090*c + 2475806. What is h(9)?
-4
Let u(d) = 2*d**3 - 129*d**2 + 177*d - 7228. Calculate u(64).
4
Let f(d) = -d**3 - 18*d**2 + 26*d - 1730. What is f(0)?
-1730
Let m(r) = 242*r - 4665. Determine m(19).
-67
Let m(v) = 56*v**2 + 565*v + 54. What is m(-10)?
4
Let o(h) = -18*h**3 - 20*h**2 - 95*h - 96. Give o(-1).
-3
Let c(j) = -j**3 + 5*j**2 + 464*j - 2624. Give c(6).
124
Let p(h) = -h**2 - 22*h + 593. Give p(22).
-375
Let b(x) = -81190*x - 2354505. Determine b(-29).
5
Let r(k) = -577*k**3 - 2*k**2 - 191*k + 192. Give r(1).
-578
Let a(y) = 3*y**3 - 121*y**2 + 65*y - 604. Calculate a(40).
396
Let p(c) = -256306*c + 1537821. Calculate p(6).
-15
Let t(l) = -1783*l**2 + 26740*l - 4. What is t(15)?
-79
Let v(q) = -q**3 - 34*q**2 - 59*q - 108. What is v(-32)?
-268
Let t(g) = -g**2 + 849*g + 221086. Calculate t(-209).
-36
Let l(m) = 5729*m + 34430. Determine l(-6).
56
Let k(h) = -2*h**3 + 629*h**2 - 6133*h - 40. Determine k(10).
-470
Let y(d) = -23*d**2 + 344*d + 422. What is y(16)?
38
Let d(g) = -g**3 + 7318*g**2 - 65777*g - 35. Determine d(9).
1
Let r(f) = -2*f**3 - 47*f**2 + 13*f + 1251. Give r(-20).
-1809
Let j(q) = -3*q**2 + 394*q - 5788. Calculate j(17).
43
Let o(f) = -f**3 - 262*f**2 - 2985*f + 2895. Give o(-250).
-855
Let f(n) = -16*n**2 + 1135*n - 5282. What is f(5)?
-7
Let w(y) = y**3 - 86*y**2 + 258*y + 34. Calculate w(3).
61
Let p(f) = -f**3 + 193*f**2 + 18742*f + 251. Determine p(264).
-277
Let r(v) = -v**3 + 26*v**2 + 604*v + 874. Determine r(41).
423
Let m(y) = -421233*y - 1684872. What is m(-4)?
60
Let f(w) = -w**3 + 376*w**2 + 1849*w + 21293. Determine f(381).
-43
Let i(h) = -h**3 - 48*h**2 - 513*h + 1581. Determine i(-26).
47
Let d(a) = -a**2 - 431*a - 6172. Give d(-15).
68
Let g(r) = -r**3 + 330*r**2 - 1600*r + 202417. Determine g(327).
4
Let l(t) = 2*t**2 + 564*t + 39195. Give l(-158).
11
Let d(a) = a**2 - 39*a - 1158. Calculate d(59).
22
Let w(o) = 37341*o + 933544. Give w(-25).
19
Let z(r) = -11898*r - 8340491. Calculate z(-701).
7
Let f(u) = 917*u**2 - 40347*u - 75. Give f(44).
-31
Let i(x) = 3*x**3 - 731*x**2 - 241*x - 637. Calculate i(244).
95
Let g(x) = -20303*x + 202818. Give g(10).
-212
Let a(m) = -1942*m - 1062270. Determine a(-547).
4
Let b(x) = -x**2 - 79*x + 5564. Give b(-124).
-16
Let p(o) = 2672*o + 21792. Calculate p(-7).
3088
Let s(m) = -m**2 - 378*m - 25750. What is s(-89)?
-29
Let p(q) = -q**3 - 25*q**2 + 168*q + 2331. Determine p(-28).
-21
Let y(g) = 3261*g + 6486. Determine y(-2).
-36
Let p(d) = -193*d + 19244. Determine p(91).
1681
Let f(p) = 1835*p - 80930. Calculate f(44).
-190
Let v(c) = -83*c**2 - 816*c + 145. Calculate v(-10).
5
Let y(b) = 286*b - 32873. Give y(115).
17
Let o(i) = -26907*i**2 - 457418*i + 33. What is o(-17)?
16
Let y(h) = -h**3 + 22*h**2 - 151*h + 317. Calculate y(5).
-13
Let u(w) = 7911*w - 262. What is u(0)?
-262
Let o(u) = u**3 - 4*u**2 + 8540*u - 51320. Determine o(6).
-8
Let l(w) = 9595*w + 115489. Determine l(-12).
349
Let u(o) = 81*o**2 - 6156*o + 26. Calculate u(76).
26
Let j(k) = -562175*k + 10681333. Determine j(19).
8
Let j(w) = w**2 - 125*w + 3. Give j(-8).
1067
Let o(z) = z**2 - 74*z + 95. Calculate o(13).
-698
Let s(n) = -5*n**2 + 21875*n + 153360. What is s(-7)?
-10
Let k(d) = -41793*d - 2800138. Determine k(-67).
-7
Let j(i) = 974*i + 19044. Calculate j(-20).
-436
Let v(x) = -x**3 + 91*x**2 + 4568*x - 150. What is v(-36)?
-6
Let n(s) = 3*s**2 - 181*s - 12073. Calculate n(97).
-1403
Let g(v) = -13*v**3 - 87*v**2 + 1010*v - 103. Wha